= 0. What are the prime factors of q?
2, 3, 5
Let h be (27/6)/(-6 - (-6174)/1028). Suppose 0 = -4*f + 3*f + 14. What are the prime factors of f/(-35) + h/15?
3, 17
Suppose -15*x + 198 = -13*x. Let z = 221 - 177. Let p = x - z. What are the prime factors of p?
5, 11
Let s be (-6567592)/(-423) - (-4)/(-18). Suppose -41*n + 4605 + s = 0. List the prime factors of n.
491
Let h be 4/26 + (-1250)/(-325). Suppose -2*r + 10 = -f, -7 + 27 = 4*r + h*f. Suppose 264 = 3*a + r*n - 518, 543 = 2*a - n. List the prime factors of a.
269
Let o(l) = 39*l**3 - 7*l**2 - 36*l + 177. List the prime factors of o(5).
7, 11, 61
Suppose 2*g + o = -1, -4*g - 3*o + 3 = 6. Suppose g = 47*s - 31942 - 253. List the prime factors of s.
5, 137
Let v be (6 - (-134596)/21) + (-2)/(-3). Suppose 4*y = -3*i + 12858, 2*y - i - 4*i - v = 0. Suppose 567 = 15*c - y. What are the prime factors of c?
2, 3, 7
Suppose -2*k + 82 = -5*i - 53, 0 = -4*k - 5*i + 285. Let n = k - 67. Suppose -2*f - 4*a = -40, -n*f - 4 = -2*a - 72. List the prime factors of f.
2, 11
List the prime factors of (-55114)/(-2) + ((-36)/(-63) - 18/7).
3, 5, 11, 167
Let f = 3116 - 1669. Suppose 3*w = k + f, -1120 = -5*w - 2*k + 1310. What are the prime factors of w?
2, 11
Let o be (9/(-6))/(-3)*12. Suppose 3*d - 36 = o. List the prime factors of d.
2, 7
Let l(j) = 15*j + 12. Let u(v) = 36 + 29*v + 21*v - 5*v. Let x(k) = 11*l(k) - 4*u(k). List the prime factors of x(-9).
3, 41
Suppose -9*c + 4*c = -15. List the prime factors of ((-16)/c)/(1*(-4)/102).
2, 17
Suppose 19*g - 40964 = -11476. List the prime factors of g.
2, 97
Let h(d) = -d - 20. Let v be h(-15). Let p be (4656/(-60))/(0 + 2/v). Suppose -m + 63 = -f, -4*m + p = 2*f - 58. What are the prime factors of m?
3, 7
Let d(i) = -4973*i + 55. What are the prime factors of d(-1)?
2, 3, 419
Let h be 10/(-15)*(-8)/3*-711. Let r = h - -1984. What are the prime factors of r?
2, 3, 5
List the prime factors of (-9159)/(4/(-4)) + (-5)/1 + 2.
2, 3, 7, 109
Suppose -17455 = -2*l + 6419. List the prime factors of l.
3, 23, 173
Let u(t) be the third derivative of -1/60*t**5 - 13/6*t**3 + 17*t**2 + 0 - 11/12*t**4 + 0*t. List the prime factors of u(-9).
2, 13
Let p(a) = a**2 - 7*a - 27. Let k(l) = -3*l**2 + 130*l - 54. Let n be k(43). List the prime factors of p(n).
3, 19
Suppose 3*a - 192 = -210. List the prime factors of (-6)/(-12)*(-4764)/a.
397
Let z = 12 + -36. Let h be (2 + -5 - z)*(-3)/9. Let r = h - -28. What are the prime factors of r?
3, 7
Let u be 2 + 1 - 6/(-42)*-7. Suppose -u*q + 3*k = -123, -q - 6*k + 65 = -4*k. Suppose 9*m = 2*m + q. What are the prime factors of m?
3
Let k be (2 + -1)*2/2. Let p be (-396)/462 - (-26)/14. List the prime factors of 29/(p/3*k).
3, 29
Let b be 7 - (4 - (-2 + 3)). What are the prime factors of (-26)/39*(-414)/b?
3, 23
Let k(f) = 5*f**3 - 18*f**2 + 42*f - 118. What are the prime factors of k(14)?
2, 3, 1777
Let v be 794 + ((-42)/6 - -7). Suppose 3*f - 2624 = -v. List the prime factors of f.
2, 5, 61
Let f = -199 - -191. List the prime factors of (0 - (-2124)/(-48))/(1/f).
2, 3, 59
Suppose 87*z - 46 = 88*z. Let y = -43 - z. What are the prime factors of 81*2 + 2 - y?
7, 23
Let w(b) = 30*b**2 + 17*b + 117. List the prime factors of w(-17).
2, 7, 607
Suppose -3*c + 2949 = -201*x + 206*x, -3*c = -3*x + 1755. List the prime factors of x.
2, 3, 7
Suppose 3*d = -6, 6*h = -0*d - 5*d + 44270. List the prime factors of h.
2, 3, 5, 41
Let r = 7165 - 3398. List the prime factors of r.
3767
Let b(p) = 75*p**3 + 3*p - 2. Let k be b(1). Suppose 2*s - 36 = o - 5*o, 5*s - k = 4*o. Suppose -10*w + s = -6*w. List the prime factors of w.
2
Let g be ((-15)/(-2) + -6)*16/3. Let u(h) = 7*h**2 - 8*h + 26. List the prime factors of u(g).
2, 5, 41
Let p(k) = k**3 - 5*k**2 - 4*k + 2. Let a be p(5). Let v = a + 18. Suppose 0 = -v*u - 7*u + 91. List the prime factors of u.
13
List the prime factors of (18/8 - 3)/(3/(-20148)).
3, 23, 73
Suppose 5*p = 4*g - 13371, -84*g + 2*p + 16701 = -79*g. List the prime factors of g.
3, 7, 53
Suppose -212 = -4*o + 6*v - 2*v, -5*v = 2*o - 71. Let p = 721 - o. What are the prime factors of p?
673
Let t(o) = 1055*o - 31. Let x be t(1). Let q = x - 336. List the prime factors of q.
2, 43
Suppose 42*l - 37*l = 4*r - 30576, -15286 = -2*r + 3*l. List the prime factors of r.
7649
Suppose 0 = -48*g + 45*g - 534. Let d = g - -595. List the prime factors of d.
3, 139
Suppose -j + 2*g - 13 = 0, 3*g + 55 = -4*j + 3. Let k = j + 9. Let a = k - -81. What are the prime factors of a?
7, 11
Let b(i) = 27 - 5*i**2 - 7*i + 4*i**2 + 21 + 0*i**2. Let t be b(-12). List the prime factors of (-3)/t - 835/(-20).
2, 3, 7
Suppose -2*x = -5*w + 148, -4*x = 4*w - 34 + 274. Let f = 104 + x. Suppose 44*y - 212 = f*y. What are the prime factors of y?
53
Let z(n) = -n**3 - n**2 + n - 5. Let k be z(-3). Suppose 0 = -27*f + k*f + 136. Suppose -2*y - f*y + 130 = 0. List the prime factors of y.
13
Let v = -10025 - -12855. What are the prime factors of v?
2, 5, 283
Let g(r) = -168*r - 172*r - 6 - 3*r**2 + r**3 + 346*r. Let f be g(2). Suppose -2*c + 517 = 3*y + f*c, -4*y + 2*c + 660 = 0. What are the prime factors of y?
167
Let m be (3 - 0)*3124/12. Let i = m + -713. What are the prime factors of i?
2, 17
Suppose -35*m = -28*m - 25*m + 65232. What are the prime factors of m?
2, 3, 151
Let q(g) = -792*g + 1 + 10*g**2 + 794*g + 9*g**2. Let a(v) = 56*v**2 + 6*v + 4. Let m(y) = -3*a(y) + 10*q(y). What are the prime factors of m(-2)?
2, 41
Let o = -138611 - -216618. List the prime factors of o.
78007
Let b be 3/2*(7 - (-68)/(-12)). Suppose 5*f = 2*l + b, -4*f = -3*l + 8*l - 28. Let o(j) = 12*j**3 - 5*j**2 + 3*j + 2. What are the prime factors of o(f)?
2, 3, 7
Let t be 27/5 - (-4)/(-10). Suppose 8*y - t*y - 15 = 0. What are the prime factors of (0/y - 76)*-1?
2, 19
Let n(x) = 2*x**3 + 4*x**2 + 85*x + 20. List the prime factors of n(22).
2, 3, 53, 79
Let n(l) = 43*l + 13. Let w be n(6). Let q = w - 12. What are the prime factors of q?
7, 37
Let a(q) = 6*q**2 + q + 2. Let f be a(-4). Let s = -529 - -517. List the prime factors of (s/(-24))/(1/f).
47
Let d(p) = 2*p**2 - 3. Let c be d(2). Let k be -1*(2/c - (-273)/5). Let o = 75 + k. List the prime factors of o.
2, 5
Let a = -276 + 280. Suppose -4764 = -4*s - a*f, -4*s - f = -4*f - 4785. List the prime factors of s.
2, 3, 199
Let d = 4062 - -3109. What are the prime factors of d?
71, 101
Let x(k) be the first derivative of k**4/4 - 7*k**3/3 + 7*k**2/2 - 4*k + 1. Let i be (14/4)/(175/400). List the prime factors of x(i).
2, 29
What are the prime factors of (-1)/5 - (-638484)/20?
2, 23, 347
Let a(p) = 28*p**3 - 27*p**2 + 168*p + 109. What are the prime factors of a(10)?
103, 263
Let l(n) be the first derivative of 56*n**3/3 + n**2/2 + 21. Let x be l(1). List the prime factors of 72*x/30 - (-3)/15.
137
Let o(m) = -m - 1. Let d(c) = 32*c**2 + 12*c + 20. Let p(z) = d(z) - o(z). What are the prime factors of p(-2)?
3, 41
Let o(u) = u**3 + 20*u**2 + 20*u - 103. Let f be o(-19). Let a = f + 656. What are the prime factors of a?
2, 3, 89
Suppose -2*b = o - 12257, 0 = 3*o - 3*b + 7707 - 44496. List the prime factors of o.
3, 61, 67
Let x(k) = 88*k**2 - 5*k - 1. Let w be x(-1). List the prime factors of (-1 - w/(-1)) + (-3)/3.
2, 3, 5
Let m(j) = -2*j - 14. Suppose 5*n + 2*w + 20 = 7*w, 2*w - 24 = 4*n. Let r be m(n). Let d(x) = 29*x**2 - 2. What are the prime factors of d(r)?
2, 3, 19
Let r(k) = -3*k**2 - 2*k - 22. Let z be r(8). Let x = z + 923. What are the prime factors of x?
3, 7, 11
Let q = -156 + 89. Let p = 25 + q. Let r = 161 + p. List the prime factors of r.
7, 17
Suppose 0 = -42*o + 45*o - 33. Let i(h) = h**3 - 12*h**2 + 28*h - 12. List the prime factors of i(o).
5, 7
Let l = 3475 - -18112. List the prime factors of l.
21587
Suppose 0 = 3*k - 296*m + 295*m - 12185, 0 = 2*k + 3*m - 8138. What are the prime factors of k?
17, 239
Suppose -88*d = -58*d - 49*d + 439774. What are the prime factors of d?
2, 71, 163
What are the prime factors of ((-369)/(-492))/((14/(-25632))/(-7))?
2, 3, 89
Suppose 5*r - 52 = -42. Suppose -r*y + 535 = 5*l, l - 140 = 3*y - 934. List the prime factors of y.
5, 53
What are the prime factors of (202 + 0)*(131 - 77)?
2, 3, 101
Suppose 981*m - 1007*m + 146380 = 0. What are the prime factors of m?
2, 5, 563
Le